{"id":2222,"date":"2025-09-25T08:35:48","date_gmt":"2025-09-25T08:35:48","guid":{"rendered":"https:\/\/connectsound.es\/?page_id=2222"},"modified":"2025-10-31T16:31:34","modified_gmt":"2025-10-31T16:31:34","slug":"aviso-legal","status":"publish","type":"page","link":"https:\/\/connectsound.es\/index.php\/aviso-legal\/","title":{"rendered":"Aviso Legal"},"content":{"rendered":"<p>[et_pb_section fb_built=\u00bb1&#8243; _builder_version=\u00bb4.27.4&#8243; _module_preset=\u00bbdefault\u00bb global_colors_info=\u00bb{}\u00bb][et_pb_row _builder_version=\u00bb4.27.4&#8243; _module_preset=\u00bbdefault\u00bb global_colors_info=\u00bb{}\u00bb][et_pb_column type=\u00bb4_4&#8243; _builder_version=\u00bb4.27.4&#8243; _module_preset=\u00bbdefault\u00bb global_colors_info=\u00bb{}\u00bb][et_pb_text _builder_version=\u00bb4.27.4&#8243; _module_preset=\u00bbdefault\u00bb custom_margin=\u00bb||2px|||\u00bb global_colors_info=\u00bb{}\u00bb]<\/p>\n<h3><strong>AVISO LEGAL<\/strong><\/h3>\n<p>[\/et_pb_text][et_pb_text _builder_version=\u00bb4.27.4&#8243; _module_preset=\u00bbdefault\u00bb hover_enabled=\u00bb0&#8243; global_colors_info=\u00bb{}\u00bb sticky_enabled=\u00bb0&#8243;]<\/p>\n<p data-start=\"244\" data-end=\"528\"><strong data-start=\"244\" data-end=\"272\">1. Datos identificativos<\/strong><br data-start=\"272\" data-end=\"275\" \/>En cumplimiento con el deber de informaci\u00f3n recogido en la Ley 34\/2002, de 11 de julio, de Servicios de la Sociedad de la Informaci\u00f3n y del Comercio Electr\u00f3nico (LSSI-CE), se facilitan a continuaci\u00f3n los datos de informaci\u00f3n general de este sitio web:<\/p>\n<ul data-start=\"530\" data-end=\"649\">\n<li data-start=\"530\" data-end=\"548\">\n<p data-start=\"532\" data-end=\"548\">Titular: CONNECT SOUND EUROPE S.L.<\/p>\n<\/li>\n<li data-start=\"549\" data-end=\"567\">\n<p data-start=\"551\" data-end=\"567\">NIF\/CIF: <em>B21874086<\/em><\/p>\n<\/li>\n<li data-start=\"568\" data-end=\"588\">\n<p data-start=\"570\" data-end=\"588\">Domicilio: C\/ ZURBANO, 45 MADRID 28010<\/p>\n<\/li>\n<li data-start=\"589\" data-end=\"617\">\n<p data-start=\"591\" data-end=\"617\">Email de contacto: Info@connectsound.es<\/p>\n<\/li>\n<li data-start=\"618\" data-end=\"649\">\n<p data-start=\"620\" data-end=\"649\">Tel\u00e9fono de contacto: +34 679 74 32 62<\/p>\n<p data-start=\"620\" data-end=\"649\">\n<\/li>\n<\/ul>\n<p data-start=\"651\" data-end=\"928\"><strong data-start=\"651\" data-end=\"676\">2. Condiciones de uso<\/strong><br data-start=\"676\" data-end=\"679\" \/>La utilizaci\u00f3n del sitio web implica la aceptaci\u00f3n plena y sin reservas de todas y cada una de las disposiciones incluidas en este Aviso Legal. El usuario se compromete a hacer un uso adecuado del portal y a no emplearlo para actividades il\u00edcitas.<\/p>\n<p data-start=\"930\" data-end=\"1212\"><strong data-start=\"930\" data-end=\"971\">3. Propiedad intelectual e industrial<\/strong><br data-start=\"971\" data-end=\"974\" \/>Todos los contenidos del sitio web (textos, im\u00e1genes, gr\u00e1ficos, logotipos, iconos, software, etc.) son propiedad de CONNECT SOUND EUROPE S.L o bien dispone de licencia para su uso, estando protegidos por la normativa de propiedad intelectual e industrial.<\/p>\n<p data-start=\"1214\" data-end=\"1392\"><strong data-start=\"1214\" data-end=\"1249\">4. Exclusi\u00f3n de responsabilidad<\/strong><br data-start=\"1249\" data-end=\"1252\" \/>CONNECT SOUND EUROPE S.L. no se responsabiliza de los da\u00f1os derivados del mal uso de la informaci\u00f3n del sitio web, ni de la falta de disponibilidad del mismo.<\/p>\n<p data-start=\"1394\" data-end=\"1598\"><strong data-start=\"1394\" data-end=\"1437\">5. Legislaci\u00f3n aplicable y jurisdicci\u00f3n<\/strong><br data-start=\"1437\" data-end=\"1440\" \/>La relaci\u00f3n entre CONNECT SOUND EUROPE S.L.\u00a0 y el usuario se regir\u00e1 por la normativa espa\u00f1ola vigente, y cualquier controversia se someter\u00e1 a los Juzgados y Tribunales de MADRID &#8211; ESPA\u00d1A.<\/p>\n<p>[\/et_pb_text][\/et_pb_column][\/et_pb_row][\/et_pb_section]<\/p>\n","protected":false},"excerpt":{"rendered":"<p>AVISO LEGAL1. Datos identificativosEn cumplimiento con el deber de informaci\u00f3n recogido en la Ley 34\/2002, de 11 de julio, de Servicios de la Sociedad de la Informaci\u00f3n y del Comercio Electr\u00f3nico (LSSI-CE), se facilitan a continuaci\u00f3n los datos de informaci\u00f3n general de este sitio web: Titular: CONNECT SOUND EUROPE S.L. NIF\/CIF: B21874086 Domicilio: C\/ ZURBANO, [&hellip;]<\/p>\n","protected":false},"author":1,"featured_media":0,"parent":0,"menu_order":0,"comment_status":"closed","ping_status":"closed","template":"","meta":{"_et_pb_use_builder":"on","_et_pb_old_content":"","_et_gb_content_width":"","footnotes":""},"class_list":["post-2222","page","type-page","status-publish","hentry"],"_links":{"self":[{"href":"https:\/\/connectsound.es\/index.php\/wp-json\/wp\/v2\/pages\/2222","targetHints":{"allow":["GET"]}}],"collection":[{"href":"https:\/\/connectsound.es\/index.php\/wp-json\/wp\/v2\/pages"}],"about":[{"href":"https:\/\/connectsound.es\/index.php\/wp-json\/wp\/v2\/types\/page"}],"author":[{"embeddable":true,"href":"https:\/\/connectsound.es\/index.php\/wp-json\/wp\/v2\/users\/1"}],"replies":[{"embeddable":true,"href":"https:\/\/connectsound.es\/index.php\/wp-json\/wp\/v2\/comments?post=2222"}],"version-history":[{"count":6,"href":"https:\/\/connectsound.es\/index.php\/wp-json\/wp\/v2\/pages\/2222\/revisions"}],"predecessor-version":[{"id":2840,"href":"https:\/\/connectsound.es\/index.php\/wp-json\/wp\/v2\/pages\/2222\/revisions\/2840"}],"wp:attachment":[{"href":"https:\/\/connectsound.es\/index.php\/wp-json\/wp\/v2\/media?parent=2222"}],"curies":[{"name":"wp","href":"https:\/\/api.w.org\/{rel}","templated":true}]}}